7 + -45. Let s(c) = c**3 + 10*c**2 + 8*c - 6. What is the remainder when s(b) is divided by z(9)?
18
Let x be (4 + 42/(-9))*-69. Suppose -5*i + 69 = 4*v - 118, x = v + i. Let s = v + -26. What is the remainder when s is divided by 9?
8
Let d(c) = -c**2 - 17*c - 55. Calculate the remainder when d(-9) is divided by 13.
4
Let k be 68/(-238) + 52/(-14). What is the remainder when 3544/28 - k/(-7) is divided by 32?
30
Suppose 79*p = 151 + 1745. What is the remainder when 571 is divided by p?
19
Let t = 105 + -85. What is the remainder when 45 is divided by t?
5
Let u = 23 + -15. Let l = -36 - -17. Let h = l + 25. Calculate the remainder when u is divided by h.
2
Let j(g) = 7*g + 187. Calculate the remainder when 389 is divided by j(-23).
25
Let i be ((-9)/(-6))/((-1)/(-52)*6). Suppose -i = -c - 6. Calculate the remainder when 40 is divided by c.
5
Let q(w) = 3*w**2 - 5*w + 29. What is the remainder when 347 is divided by q(6)?
26
Suppose 9 = -3*o - 3*r, o + 2*o + 4*r + 14 = 0. Suppose o*g - 1 = 5. What is the remainder when 4 is divided by g?
1
Suppose 3*z - 31 = 17. Calculate the remainder when z is divided by 32/6 + (3 - 56/24).
4
Let d(f) = -f - 2. Let x be d(2). Calculate the remainder when x/18 - (-976)/18 is divided by (-1)/(-1)*23 + -4.
16
Let f be ((-42)/12)/((-2)/(3 + 1)). Suppose f*d = 95 + 45. What is the remainder when d is divided by 14?
6
Let s = -38 + 42. Suppose -t + s*t + j - 30 = 0, t = -2*j + 5. Calculate the remainder when 20 is divided by t.
9
Suppose 0 = 3*a - 2*b - 10, -2*a = 3*a + 3*b - 23. Suppose 297 = -a*z + 7*z. Calculate the remainder when z is divided by (-2)/(-6)*5*15.
24
Let x(j) be the second derivative of -j**5/20 - j**4/3 + 4*j**3/3 - 3*j**2/2 - 14*j. What is the remainder when 37 is divided by x(-6)?
16
Let c(v) = v + 13. Suppose 0 = -5*w - 2*o + 26 + 7, -3*o + 18 = 3*w. Let l = w - 1. Calculate the remainder when c(l) is divided by 12.
7
Let p(n) = 3*n**2 - 4*n + 9. Let x(g) = -2*g + 4. Let l be x(0). Calculate the remainder when p(l) is divided by 21.
20
Let m = 39 + -41. What is the remainder when 65 is divided by -33*2*m/4?
32
Suppose -51 = 5*i - 151. What is the remainder when (76/i + -5)/((-6)/260) is divided by 18?
16
Calculate the remainder when 460 is divided by (-4)/((-16)/(-12))*42/(-18).
5
Let w(q) = 5 + 0*q - 4*q + 2 + 17*q. Let x(a) = -a - 1. Let f(v) = -w(v) - 2*x(v). What is the remainder when 67 is divided by f(-2)?
16
Suppose -3*i + 0*i + 406 = -2*k, 5*k + 532 = 4*i. Calculate the remainder when i is divided by 20.
18
Let b = 640 + -466. Calculate the remainder when b is divided by 8.
6
Suppose o + 12 = 4*j - 2*o, 0 = -3*j - o + 9. Let n = 12 - j. What is the remainder when 24 is divided by n?
6
Let h(u) be the second derivative of u**4/4 + 3*u**3/2 + 5*u**2/2 - 32*u. Calculate the remainder when 17 is divided by h(-3).
2
Let i be (-83)/(-1)*(-6)/(-6). Suppose -h = 3*r - i, -r + 24 = 4*h - 0. What is the remainder when 111 is divided by r?
27
Let w = -46 - -39. What is the remainder when 15*((-4)/6)/(-2) is divided by 2/w + 23/7?
2
Let q = -561 - -1513. What is the remainder when q is divided by 53?
51
Suppose -2*k + 11*k = 585. Let a = 23 - 6. What is the remainder when k is divided by a?
14
Let d(n) = -2*n + 1. Suppose -5*k + 256 = 2*t, 3*t + 177 = 3*k + 15. Calculate the remainder when k is divided by d(-5).
8
Suppose d + 697 = 8*v - 4*v, 3*d = 4*v - 707. What is the remainder when v is divided by 18?
11
Let h be (-28 + (-16)/(-4))*(-11)/3. Let y = h + -65. Calculate the remainder when y is divided by 14.
9
Let c(g) = -g - 6. Let v be c(-6). What is the remainder when 36 + 0 + (1 - (v - -5)) is divided by 8?
0
Suppose 33*x - 464 = 361. Calculate the remainder when 34 is divided by x.
9
Let j = -20 - -40. Calculate the remainder when 73 is divided by j.
13
Suppose -3*b = 3, -b - 38 = -4*k - 3*b. Suppose -u + 4 - 2 = s, -3*s = 2*u - k. What is the remainder when 11 is divided by s?
5
Suppose -2*y + 15 = 3*u, -u + 0*y + 4*y + 19 = 0. Let q be 1/(-2) - 300/(-24). Suppose -x + q = 1. What is the remainder when x is divided by u?
4
Suppose 1215 = 3*r + 114. Calculate the remainder when r is divided by 74.
71
Suppose -2*j + 10 = 4. Suppose j*l - 15 - 12 = 0. Suppose -6*n + 2*n + 72 = -4*h, -3*h + l = 0. Calculate the remainder when n is divided by 11.
10
Let f be (1/2)/(16/(-320)). Let p be 3 + 0 - f - 0. Suppose 2*t - 4*g + 14 = 0, 0 = t + 2*g + g - p. Calculate the remainder when 1 is divided by t.
0
Suppose -83*m + 76*m + 56 = 0. What is the remainder when 430 is divided by m?
6
Let r = 210 - 96. Calculate the remainder when r is divided by 34.
12
Let n = 549 - 545. Calculate the remainder when 411 is divided by n.
3
Suppose 0 = 4*k + 10*k - 210. What is the remainder when 687 is divided by k?
12
Let i(a) = -a**3 + 3*a**2 - 3*a + 38. Calculate the remainder when 120 is divided by i(0).
6
Suppose -276 = -77*p + 71*p. Calculate the remainder when 131 is divided by p.
39
Suppose -5*m = 14 + 51. Calculate the remainder when 8355/195 + (-2)/m is divided by 11.
10
Suppose l + 5*n = n + 800, -4*l = n - 3275. Suppose 14*t - 2556 = -l. Calculate the remainder when t is divided by 18.
16
Let a = -75 - -78. What is the remainder when a is divided by 4/(-2) + 3 - 0?
0
Calculate the remainder when 490/25 - (-40)/(-25) is divided by (-13)/(-5) - 2/(-5).
0
Let q = -379 - -425. Calculate the remainder when 503 is divided by q.
43
Calculate the remainder when (5 + 457)/6 - (-8 - -3) is divided by 57.
25
Suppose -12*q + 45 = -87. What is the remainder when 2032 is divided by q?
8
Let s(k) = k**3 + 10*k**2 + 11*k. Calculate the remainder when 199 is divided by s(-8).
39
Suppose -2*c + 3*c = 37. Let a = c - 24. Calculate the remainder when 38 is divided by a.
12
Let l(o) = -4*o + 22. Let m be (1 - 15)*45/(-10). Let h = m - 25. What is the remainder when h is divided by l(3)?
8
Let r(v) = 14*v**2 + 2*v + 2. Suppose 25*p - 36 = 23*p. Let u = p - -7. Calculate the remainder when u is divided by r(-1).
11
Let a(x) = 7 - 4*x + 1 - x**3 + 0*x**2 + 7*x**2. Suppose 3*p - 33 = -4*y, 6*y - 15 = 3*y + p. What is the remainder when 58 is divided by a(y)?
18
Let y(d) = 4*d - 2. Let f be 2 + 1 - (0 - 0). What is the remainder when (219/6 - -2) + 15/(-10) is divided by y(f)?
7
Suppose -5 = 5*s, -s - 241 = -2*o - 3*o. What is the remainder when o is divided by 1?
0
Suppose -26*s + 840 = 9*s. Calculate the remainder when s is divided by 7.
3
Suppose 0 = 94*c - 536 - 3412. Calculate the remainder when 2476 is divided by c.
40
Let o(i) = -34*i - 7. Let m = -34 - -50. Calculate the remainder when o(-1) is divided by m.
11
Suppose 258 = 3*z - 0*z. Suppose 3*m + 87 = 6*m. What is the remainder when z is divided by m?
28
Suppose -g = 4*b - 13, 5*b - 3 = -8. Let m be (1 + 0 - 2) + 21. Let o = 25 - m. Calculate the remainder when g is divided by o.
2
Suppose 4*k + 6 - 26 = 0. Suppose -2*d + k*b = -8 - 10, -5*d - 17 = 3*b. Calculate the remainder when (-1 - d) + (0 - -2) is divided by 2.
0
Let a(u) = u + 4. Let j be a(-6). Let c(m) = 14*m + 3. Let l(v) = -v. Let q(g) = -c(g) - 4*l(g). What is the remainder when 33 is divided by q(j)?
16
Let q = -4 + 17. Suppose 1 = 5*r + 1. Suppose r*b = -13*b + 312. What is the remainder when b is divided by q?
11
Let o = -40 - -84. What is the remainder when o is divided by (-6)/2*115/(-575)*20?
8
Calculate the remainder when 1*-1*-9*3 is divided by (72/(-56) - -1) + (-102)/(-14).
6
Let a = -38 + 53. Suppose -5*d - 270 = -5*b, 10*b = 5*b - d + 300. Calculate the remainder when b is divided by a.
14
Suppose v = 5 + 18. Suppose 2*y + 2 = 8. Suppose -8 = y*d - v. Calculate the remainder when 12 is divided by d.
2
Suppose -23*v - 8 = -1480. Calculate the remainder when v is divided by 3.
1
Let t(p) = p**3 - 14*p**2 + p - 8. Suppose 3*d - 20 = -2*a, 0 = a + d - 0*d - 10. What is the remainder when a is divided by t(14)?
4
Let k be 4/(16/36) - (-6)/(-2). Suppose 0 = -p - 4*x + 24, k*p - 5*p = 3*x + 10. What is the remainder when 108 is divided by p?
12
Suppose 3*v + 4*q = 3 + 9, 33 = 3*v - 3*q. Let m(k) = -k**2 + 5*k + 2. Let s be m(5). Let f = v - s. Calculate the remainder when f is divided by 3.
0
What is the remainder when 6 - (-3 + 3) - -119 is divided by 32?
29
Let u(r) = -r - 4. Let h(g) = -g**2 - 3*